{"id":384,"date":"2021-08-13T05:03:04","date_gmt":"2021-08-13T05:03:04","guid":{"rendered":"https:\/\/www.sablone.fr\/1\/?post_type=product&#038;p=384"},"modified":"2021-09-04T05:54:58","modified_gmt":"2021-09-04T05:54:58","slug":"terra-led-2435w-ha-noir-dphdmi-greenline-plus","status":"publish","type":"product","link":"http:\/\/www.sablone.fr\/1\/produit\/terra-led-2435w-ha-noir-dphdmi-greenline-plus\/","title":{"rendered":"TERRA LED 2435W HA Noir DP+HDMI GREENLINE PLUS"},"content":{"rendered":"<table id=\"ctl00_ctl00_ctl00_SiteContent_SiteContent_SiteContent_articleFeatureDisplayDetails_gridViewProductAttributes\" class=\"table table-condensed\" border=\"0\" cellspacing=\"0\">\n<tbody>\n<tr>\n<td class=\"col-xs-3\">Taille de l&rsquo;\u00e9cran<\/td>\n<td>24 \u00ab\u00a0<\/td>\n<\/tr>\n<tr>\n<td class=\"col-xs-3\">Diagonale d&rsquo;\u00e9cran (cm)<\/td>\n<td>61 cm<\/td>\n<\/tr>\n<tr>\n<td class=\"col-xs-3\">R\u00e9solution de l&rsquo;\u00e9cran<\/td>\n<td>1920 x 1080 Pixel (Full-HD)<\/td>\n<\/tr>\n<tr>\n<td class=\"col-xs-3\">Luminosit\u00e9 de l&rsquo;\u00e9cran<\/td>\n<td>250 cd\/m\u00b2<\/td>\n<\/tr>\n<tr>\n<td class=\"col-xs-3\">Temps de r\u00e9ponse<\/td>\n<td>5 ms \/ 2 ms (Overdrive)<\/td>\n<\/tr>\n<tr>\n<td class=\"col-xs-3\">Angle d&rsquo;inclinaison<\/td>\n<td>15 5<\/td>\n<\/tr>\n<tr>\n<td class=\"col-xs-3\">Surface d&rsquo;affichage<\/td>\n<td>Oui<\/td>\n<\/tr>\n<tr>\n<td class=\"col-xs-3\">Nombre de couleurs affich\u00e9es<\/td>\n<td>16,7<\/td>\n<\/tr>\n<tr>\n<td class=\"col-xs-3\">Pas de pixel<\/td>\n<td>0.277 mm<\/td>\n<\/tr>\n<tr>\n<td class=\"col-xs-3\">Taux de contraste<\/td>\n<td>20 000 000 : 1 (DCR)<\/td>\n<\/tr>\n<tr>\n<td class=\"col-xs-3\">Angle de vision horizontal<\/td>\n<td>170 \u00b0<\/td>\n<\/tr>\n<tr>\n<td class=\"col-xs-3\">Angle de vision vertical<\/td>\n<td>160 \u00b0<\/td>\n<\/tr>\n<tr>\n<td class=\"col-xs-3\">Format d&rsquo;image<\/td>\n<td>16:9<\/td>\n<\/tr>\n<tr>\n<td class=\"col-xs-3\">\u00c9cran tactile<\/td>\n<td>Non<\/td>\n<\/tr>\n<tr>\n<td class=\"col-xs-3\">Type de r\u00e9tro<\/td>\n<td>R\u00e9tro\u00e9clairage LED<\/td>\n<\/tr>\n<tr>\n<td class=\"col-xs-3\">\u00c9cran<\/td>\n<td>TN<\/td>\n<\/tr>\n<tr>\n<td class=\"col-xs-3\"><\/td>\n<td><strong>Connectivit\u00e9<\/strong><\/td>\n<\/tr>\n<tr>\n<td class=\"col-xs-3\">Sortie casque audio<\/td>\n<td>Oui<\/td>\n<\/tr>\n<tr>\n<td class=\"col-xs-3\">Interface<\/td>\n<td>DisplayPort HDMI (c\u00e2ble inclus) VGA<\/td>\n<\/tr>\n<tr>\n<td class=\"col-xs-3\">Concentrateur USB int\u00e9gr\u00e9<\/td>\n<td>Non<\/td>\n<\/tr>\n<tr>\n<td class=\"col-xs-3\">Entr\u00e9e audio PC<\/td>\n<td>3.5 mm (Line In)<\/td>\n<\/tr>\n<tr>\n<td class=\"col-xs-3\">HDCP<\/td>\n<td>Oui<\/td>\n<\/tr>\n<tr>\n<td class=\"col-xs-3\"><\/td>\n<td><strong>Design<\/strong><\/td>\n<\/tr>\n<tr>\n<td class=\"col-xs-3\">Couleur du produit<\/td>\n<td>Noir mat<\/td>\n<\/tr>\n<tr>\n<td class=\"col-xs-3\"><\/td>\n<td><strong>Poids et dimensions<\/strong><\/td>\n<\/tr>\n<tr>\n<td class=\"col-xs-3\">Hauteur (support inclus)<\/td>\n<td>38 \u00e0 50 cm<\/td>\n<\/tr>\n<tr>\n<td class=\"col-xs-3\">Largeur (support inclus)<\/td>\n<td>56.8 cm<\/td>\n<\/tr>\n<tr>\n<td class=\"col-xs-3\">Poids (support inclus)<\/td>\n<td>4.7<\/td>\n<\/tr>\n<tr>\n<td class=\"col-xs-3\">Hauteur<\/td>\n<td>33.6 cm<\/td>\n<\/tr>\n<tr>\n<td class=\"col-xs-3\">Largeur<\/td>\n<td>56.8 cm<\/td>\n<\/tr>\n<tr>\n<td class=\"col-xs-3\">Profondeur<\/td>\n<td>20,6<\/td>\n<\/tr>\n<tr>\n<td class=\"col-xs-3\">Poids<\/td>\n<td>3,1<\/td>\n<\/tr>\n<tr>\n<td class=\"col-xs-3\"><\/td>\n<td><strong>Puissance<\/strong><\/td>\n<\/tr>\n<tr>\n<td class=\"col-xs-3\">Source d&rsquo;alimentation<\/td>\n<td>Non<\/td>\n<\/tr>\n<tr>\n<td class=\"col-xs-3\">Consommation \u00e9lectrique (arr\u00eat)<\/td>\n<td>&lt; 0.5 W<\/td>\n<\/tr>\n<tr>\n<td class=\"col-xs-3\">Classe d&rsquo;efficacit\u00e9 \u00e9nerg\u00e9tique<\/td>\n<td>E<\/td>\n<\/tr>\n<tr>\n<td class=\"col-xs-3\">Tension d&rsquo;entr\u00e9e AC<\/td>\n<td>100 &#8211; 240 V, 50 &#8211; 60 Hz<\/td>\n<\/tr>\n<tr>\n<td class=\"col-xs-3\">Emplacement d&rsquo;alimentation<\/td>\n<td>Interne<\/td>\n<\/tr>\n<tr>\n<td class=\"col-xs-3\"><\/td>\n<td><strong>Ergonomie<\/strong><\/td>\n<\/tr>\n<tr>\n<td class=\"col-xs-3\">Port de c\u00e2ble antivol<\/td>\n<td>Oui<\/td>\n<\/tr>\n<tr>\n<td class=\"col-xs-3\">R\u00e9glage de la hauteur<\/td>\n<td>Oui<\/td>\n<\/tr>\n<tr>\n<td class=\"col-xs-3\">Pivot<\/td>\n<td>Non<\/td>\n<\/tr>\n<tr>\n<td class=\"col-xs-3\">Norme VESA<\/td>\n<td>100&#215;100<\/td>\n<\/tr>\n<tr>\n<td class=\"col-xs-3\">Plug and Play<\/td>\n<td>DDC 1 \/ 2B \/ CI<\/td>\n<\/tr>\n<tr>\n<td class=\"col-xs-3\"><\/td>\n<td><strong>Certificat<\/strong><\/td>\n<\/tr>\n<tr>\n<td class=\"col-xs-3\">Conformit\u00e9 aux standards industriels<\/td>\n<td>CE<\/td>\n<\/tr>\n<tr>\n<td class=\"col-xs-3\">Certifi\u00e9 Energy Star<\/td>\n<td>Energy Star 7.0<\/td>\n<\/tr>\n<tr>\n<td class=\"col-xs-3\"><\/td>\n<td><strong>multim\u00e9dia<\/strong><\/td>\n<\/tr>\n<tr>\n<td class=\"col-xs-3\">Haut-parleurs int\u00e9gr\u00e9s<\/td>\n<td>2x 1,5 Watt<\/td>\n<\/tr>\n<tr>\n<td class=\"col-xs-3\">Appareil photo int\u00e9gr\u00e9<\/td>\n<td>Non<\/td>\n<\/tr>\n<tr>\n<td class=\"col-xs-3\"><\/td>\n<td><strong>Client l\u00e9ger<\/strong><\/td>\n<\/tr>\n<tr>\n<td class=\"col-xs-3\">Thin client<\/td>\n<td>Non<\/td>\n<\/tr>\n<\/tbody>\n<\/table>\n","protected":false},"excerpt":{"rendered":"<div id=\"ctl00_ctl00_ctl00_SiteContent_SiteContent_SiteContent_PanelProductDescription\" class=\"row\">\n<div class=\"col-xs-12\">\n<p>\u00a0Cet \u00e9cran tr\u00e8s comp\u00e9titif dot\u00e9 d&rsquo;un format d&rsquo;image 16:9 propose une r\u00e9solution Full-HD et supporte le syst\u00e8me de soutien contre la copie HDCP. L&rsquo;\u00e9clairage LED peu gourmand en \u00e9nergie permet \u00e0 la fois d&rsquo;obtenir une image optimale et contrast\u00e9e, et de conserver un design \u00e9l\u00e9gant et ergonomique. Outre son bo\u00eetier et son panneau frontal aminci, le pied fixe a \u00e9galement \u00e9t\u00e9 repens\u00e9. Il est r\u00e9glable en hauteur, peut atteindre 120 mm, et permet un parcours de c\u00e2blage optimal.<\/p>\n<p>Le temps de r\u00e9action du panneau LCD, d\u00e9j\u00e0 tr\u00e8s rapide avec 5 millisecondes, a \u00e9t\u00e9 r\u00e9duit \u00e0 une vitesse \u00e9claire de 2 millisecondes gr\u00e2ce \u00e0 la technologie Overdrive. Ainsi, les effets de tra\u00een\u00e9e appartiennent au pass\u00e9. Un angle de vision de 170\u00b0 \u00e0 l&rsquo;horizontal et de 160\u00b0 \u00e0 la verticale permet une qualit\u00e9 d&rsquo;image optimale quelle que soit la direction du regard. Le menu de commande multilingue vous guide ais\u00e9ment gr\u00e2ce \u00e0 sa fonction tactile.<\/p>\n<p>Le syst\u00e8me de fixation VESA permet un positionnement optimal sur le mur, la table ou le plafond. Cette s\u00e9rie inclut \u00e9galement une surface d&rsquo;\u00e9cran antireflet, un bo\u00eetier noir mat facile d&rsquo;entretien, un dispositif antivol mais aussi des haut-parleurs int\u00e9gr\u00e9s. En outre, l&rsquo;\u00e9cran peut \u00eatre reli\u00e9 \u00e0 trois sources de signal dans le m\u00eame temps (1x VGA, 1x HDLI, 1x displayport) entre lesquels il est possible de naviguer gr\u00e2ce \u00e0 une combinaison de touches facile d&rsquo;utilisation.<\/p>\n<p>C\u00e2bles d&rsquo;alimentation, HDMI et audio fournis.<\/p>\n<p>Accessoires pour le montage arri\u00e8re des appareils TERRA :\u2022 TERRA PC-Micro: 1407067<br \/>\n\u2022 TERRA PC-Mini V4 \/ V5: 1407073 + 1407067<br \/>\n\u2022 TERRA PC-Nettop 3540 Fanless: 1407091 + 1407067<\/p>\n<\/div>\n<\/div>\n<div id=\"ctl00_ctl00_ctl00_SiteContent_SiteContent_SiteContent_PanelFeatureImages\" class=\"row top-margin\">\n<div class=\"col-xs-12\"><img decoding=\"async\" class=\"img-feature\" src=\"https:\/\/b2b.wortmann.de\/content\/files\/images\/ProductImages\/large\/scwebshoppictureb100008910000.jpg\" \/><\/div>\n<\/div>\n","protected":false},"featured_media":386,"comment_status":"closed","ping_status":"closed","template":"","meta":{"spay_email":""},"product_cat":[37,42,38],"product_tag":[],"class_list":["post-384","product","type-product","status-publish","has-post-thumbnail","hentry","product_cat-ecrans-lcd","product_cat-ecran-24-ecrans-lcd","product_cat-ecrans-lcd-composants"],"_links":{"self":[{"href":"http:\/\/www.sablone.fr\/1\/wp-json\/wp\/v2\/product\/384","targetHints":{"allow":["GET"]}}],"collection":[{"href":"http:\/\/www.sablone.fr\/1\/wp-json\/wp\/v2\/product"}],"about":[{"href":"http:\/\/www.sablone.fr\/1\/wp-json\/wp\/v2\/types\/product"}],"replies":[{"embeddable":true,"href":"http:\/\/www.sablone.fr\/1\/wp-json\/wp\/v2\/comments?post=384"}],"wp:featuredmedia":[{"embeddable":true,"href":"http:\/\/www.sablone.fr\/1\/wp-json\/wp\/v2\/media\/386"}],"wp:attachment":[{"href":"http:\/\/www.sablone.fr\/1\/wp-json\/wp\/v2\/media?parent=384"}],"wp:term":[{"taxonomy":"product_cat","embeddable":true,"href":"http:\/\/www.sablone.fr\/1\/wp-json\/wp\/v2\/product_cat?post=384"},{"taxonomy":"product_tag","embeddable":true,"href":"http:\/\/www.sablone.fr\/1\/wp-json\/wp\/v2\/product_tag?post=384"}],"curies":[{"name":"wp","href":"https:\/\/api.w.org\/{rel}","templated":true}]}}